{"version":"1.0","type":"rich","width":"560px","height":"140px","title":"YKPC105 Atemkunst (auch) am Kilimandscharo - Atmen als Kunst? Das geh\u00f6rt doch schlichtweg dazu....","url":"https:\/\/ykaerne-podcast.de\/2026\/04\/24\/ykpc105-atemkunst-auch-am-kilimandscharo\/","author_name":"YKAERNE-PODCAST - aus Eckernf\u00f6rder - f\u00fcr Eckernf\u00f6rde","author_url":"https:\/\/ykaerne-podcast.de","thumbnail_url":"https:\/\/i0.wp.com\/ykaerne-podcast.de\/wp-content\/uploads\/2026\/04\/KPC105-Atemkunst-auch-am-Kilimandscharo.jpg?fit=1080%2C1080&ssl=1","html":"<iframe width=\"560px\" height=\"140px\" src=\"https:\/\/ykaerne-podcast.de\/2026\/04\/24\/ykpc105-atemkunst-auch-am-kilimandscharo\/?standalonePlayer\"><\/iframe>"}

YKPC105 Atemkunst (auch) am Kilimandscharo - Atmen als Kunst? Das gehört doch schlichtweg dazu....

YKAERNE-PODCAST - aus Eckernförder - für Eckernförde
