{"version":"1.0","type":"rich","width":"560px","height":"140px","title":"YKPC086 Mama Berta \u00fcberquert die Alpen - und was die Fee Dementia damit zu tun hat","url":"https:\/\/ykaerne-podcast.de\/2024\/11\/03\/ykpc086-mama-berta-ueberquert-die-alpen\/","author_name":"YKAERNE-PODCAST - aus Eckernf\u00f6rder - f\u00fcr Eckernf\u00f6rde","author_url":"https:\/\/ykaerne-podcast.de","thumbnail_url":"https:\/\/i0.wp.com\/ykaerne-podcast.de\/wp-content\/uploads\/2024\/11\/YKPC086-Mama-Berta-ueberquert-die-Alpen.jpg?fit=1080%2C1080&ssl=1","html":"<iframe width=\"560px\" height=\"140px\" src=\"https:\/\/ykaerne-podcast.de\/2024\/11\/03\/ykpc086-mama-berta-ueberquert-die-alpen\/?standalonePlayer\"><\/iframe>"}

YKPC086 Mama Berta überquert die Alpen - und was die Fee Dementia damit zu tun hat

YKAERNE-PODCAST - aus Eckernförder - für Eckernförde
